{"id":855,"date":"2024-07-27T11:11:17","date_gmt":"2024-07-27T09:11:17","guid":{"rendered":"https:\/\/skifflemen.de\/?page_id=855"},"modified":"2024-07-27T11:19:16","modified_gmt":"2024-07-27T09:19:16","slug":"wolfgang","status":"publish","type":"page","link":"https:\/\/skifflemen.de\/?page_id=855","title":{"rendered":"Wolfgang"},"content":{"rendered":"\n<p><\/p>\n\n\n\n<figure class=\"wp-block-image size-large\"><img loading=\"lazy\" decoding=\"async\" width=\"1024\" height=\"758\" src=\"http:\/\/skifflemen.de\/wp-content\/uploads\/2018\/06\/Wolfgang-2-rt1-1024x758.jpg\" alt=\"\" class=\"wp-image-586\" srcset=\"https:\/\/skifflemen.de\/wp-content\/uploads\/2018\/06\/Wolfgang-2-rt1-1024x758.jpg 1024w, https:\/\/skifflemen.de\/wp-content\/uploads\/2018\/06\/Wolfgang-2-rt1-300x222.jpg 300w, https:\/\/skifflemen.de\/wp-content\/uploads\/2018\/06\/Wolfgang-2-rt1-768x569.jpg 768w, https:\/\/skifflemen.de\/wp-content\/uploads\/2018\/06\/Wolfgang-2-rt1-1200x889.jpg 1200w\" sizes=\"(max-width: 709px) 85vw, (max-width: 909px) 67vw, (max-width: 1362px) 62vw, 840px\" \/><\/figure>\n\n\n\n<p>Begonnen hat, wie so oft, alles mit einer Wandergitarre und den ersten Songs am Lagerfeuer. Doch der Gedanke Musik zu machen wie die \u201eGro\u00dfen\u201c setzte sich fest. Die Band \u201eWo-Wo-Pe-Si\u201c erblickte 1970 das Licht der B\u00fchnenwelt. Auf einer \u201eHertiecaster\u201c und einem Verst\u00e4rker, der von au\u00dfen mehr versprach als die Lautst\u00e4rke letztendlich hergab, st\u00fcrzte Wolfgang sich ins provinzielle \u201eShowbiz\u201c. In den 70ern tingelte die Band mit Framus-Gitarren, Echolette- und Schaller-Verst\u00e4kern durch die diversen Tanzlokale.<\/p>\n\n\n\n<p>Ende der 1970er, Anfang der 80er Jahre fand sich Wolfgang dann in einer Tanz- und Showband mit dem Namen \u201eRhein-Main-Combo\u201c wieder. Bespielten wurden kleine und gr\u00f6\u00dfere Veranstaltungen in der Region.<\/p>\n\n\n\n<p>Beruf, Privates und Hobby sind in jungen Jahren nicht immer kompatibel und gehen of seltsame Wege. So kam Wolfgang nach l\u00e4ngerer Pause auch erst 1997 wieder zur Musik. Bands wie \u201eMen in Black\u201c, \u201eThe Maniacs\u201c, \u201eDie Finsternthaler\u201c oder \u201eHalbstark\u201c reihen sich im Laufe der Jahre in die musikalische Vita ein. Sogar ein Exkurs in die Welt des volkst\u00fcmlichen Schlagers blieb nicht aus. Als Bassist war Wolfgang in der Begleitband von \u201eHeiko Wolf\u201c (Alpen-Grand-Prix Sieger 2003 und 2006 Sieger beim Gro\u00dfen Preis der Volksmusik) aktiv.<\/p>\n\n\n\n<p>Im \u201eergrauten\u201c Alter zeigte sich dann, <strong>\u2026.back to the roots! <\/strong>Wolfgangstieg bei der Formation \u201eOld Guitar Strings\u201c ein. Rock\u2019n Roll, Country und Gitarren-Instrumentals standen auf dem musikalischen Speiseplan. Die Band l\u00f6ste sich 2011 leider auf. Wolfgang blieb dem Rock\u2019n Roll treu und legt seitdem das Bass-Fundament bei \u201eCaptain Bembel &amp; die Feingerippte\u201c, die sich auf Oldies mit hessischen Texten spezialisiert haben.<\/p>\n\n\n\n<p>Parallel dazu formierte sich aus ehemaligen Musikern der \u201eOld Guitar Strings<em>\u201c<\/em> zusammen mit Dick Barber ein Studioprojekt namens \u201eREMIX\u201c. Man spielte mit gro\u00dfem Ehrgeiz Instrumental-Titel der \u201eShadows\u201c.<\/p>\n\n\n\n<p>Mit Gr\u00fcndung der Band <strong>\u201eDick Barber\u2019s Skiffle Men\u201c<\/strong> wurde das Projekt mit einem weinenden Auge bis auf weiteres auf Eis gelegt. So \u201eskiffelt\u201c sich Wolfgang nun, zusammen mit Dick, Achim und Peter durch die Lande.<\/p>\n","protected":false},"excerpt":{"rendered":"<p>Begonnen hat, wie so oft, alles mit einer Wandergitarre und den ersten Songs am Lagerfeuer. Doch der Gedanke Musik zu machen wie die \u201eGro\u00dfen\u201c setzte sich fest. Die Band \u201eWo-Wo-Pe-Si\u201c erblickte 1970 das Licht der B\u00fchnenwelt. Auf einer \u201eHertiecaster\u201c und einem Verst\u00e4rker, der von au\u00dfen mehr versprach als die Lautst\u00e4rke letztendlich hergab, st\u00fcrzte Wolfgang sich &hellip; <a href=\"https:\/\/skifflemen.de\/?page_id=855\" class=\"more-link\"><span class=\"screen-reader-text\">&#8222;Wolfgang&#8220; <\/span>weiterlesen<\/a><\/p>\n","protected":false},"author":1,"featured_media":0,"parent":14,"menu_order":0,"comment_status":"closed","ping_status":"closed","template":"","meta":{"footnotes":""},"_links":{"self":[{"href":"https:\/\/skifflemen.de\/index.php?rest_route=\/wp\/v2\/pages\/855"}],"collection":[{"href":"https:\/\/skifflemen.de\/index.php?rest_route=\/wp\/v2\/pages"}],"about":[{"href":"https:\/\/skifflemen.de\/index.php?rest_route=\/wp\/v2\/types\/page"}],"author":[{"embeddable":true,"href":"https:\/\/skifflemen.de\/index.php?rest_route=\/wp\/v2\/users\/1"}],"replies":[{"embeddable":true,"href":"https:\/\/skifflemen.de\/index.php?rest_route=%2Fwp%2Fv2%2Fcomments&post=855"}],"version-history":[{"count":1,"href":"https:\/\/skifflemen.de\/index.php?rest_route=\/wp\/v2\/pages\/855\/revisions"}],"predecessor-version":[{"id":856,"href":"https:\/\/skifflemen.de\/index.php?rest_route=\/wp\/v2\/pages\/855\/revisions\/856"}],"up":[{"embeddable":true,"href":"https:\/\/skifflemen.de\/index.php?rest_route=\/wp\/v2\/pages\/14"}],"wp:attachment":[{"href":"https:\/\/skifflemen.de\/index.php?rest_route=%2Fwp%2Fv2%2Fmedia&parent=855"}],"curies":[{"name":"wp","href":"https:\/\/api.w.org\/{rel}","templated":true}]}}